{"id":33,"date":"2025-01-29T16:47:14","date_gmt":"2025-01-29T16:47:14","guid":{"rendered":"https:\/\/eschholzstrassenfest.de\/?page_id=33"},"modified":"2025-01-29T17:06:44","modified_gmt":"2025-01-29T17:06:44","slug":"veranstalter","status":"publish","type":"page","link":"https:\/\/eschholzstrassenfest.de\/?page_id=33","title":{"rendered":"Veranstalter"},"content":{"rendered":"\n<p><strong>Joshua Lorenz und Christian Fehr<\/strong> <strong>werden das Eschholzstra\u00dfenfest managen<\/strong><\/p>\n\n\n\n<p>Das St\u00fchlinger MAGAZIN wird der offizielle Veranstalter des Eschholzstra\u00dfenfestes sein. Joshua Lorenz, der auch Herausgeber des St\u00fchlinger MAGAZINs ist, sowie Christian Fehr, Wirt vom Restaurant \u201eDas Quartier\u201c, werden gemeinsam die Vorbereitung und die Durchf\u00fchrung des Eschholstra\u00dfenfestes leiten. St\u00fchlinger MAGAZIN hat sie gefragt, was sie an der Aufgabe reizt.<\/p>\n\n\n\n<p class=\"has-text-align-center\"><strong><em>\u201eVision einer verkehrsberuhigten<\/em><\/strong> <strong><em>Eschholzstra\u00dfe\u201c<\/em><\/strong><\/p>\n\n\n\n<p class=\"has-text-align-center\"><strong>\u00a0<\/strong><img loading=\"lazy\" decoding=\"async\" width=\"150\" height=\"174\" class=\"wp-image-50\" style=\"width: 150px;\" src=\"https:\/\/eschholzstrassenfest.de\/wp-content\/uploads\/2025\/01\/Joshua.png\" alt=\"Joshua Lorenz, Gymnasiallehrer, Herausgeber ses St\u00fchlinger Magazins (Foto: Britt Schilling)\" srcset=\"https:\/\/eschholzstrassenfest.de\/wp-content\/uploads\/2025\/01\/Joshua.png 349w, https:\/\/eschholzstrassenfest.de\/wp-content\/uploads\/2025\/01\/Joshua-259x300.png 259w\" sizes=\"auto, (max-width: 150px) 100vw, 150px\" \/><br><em>Joshua Lorenz, Gymnasiallehrer, Herausgeber des St\u00fchlinger Magazins (Foto: Britt Schilling)<\/em><\/p>\n\n\n\n<p>\u201eMit dem Eschholzstra\u00dfenfest k\u00f6nnen wir einen Beitrag leisten, dass alle St\u00fchlinger, ob jung oder alt, sich als Gemeinschaft erleben k\u00f6nnen. Aber auch die, die fr\u00fcher hier mal gewohnt haben, sind interessiert. Sie freuen sich darauf, wie wir immer wieder h\u00f6ren, Menschen zu treffen, mit denen sie fr\u00fcher in dem Stadtteil gelebt haben.<\/p>\n\n\n\n<p>Die Eschholzstra\u00dfe als urbaner Ort erschlie\u00dft sich am besten ohne Autoverkehr, was ja dann beim Fest der Fall w\u00e4re. Die Stra\u00dfe ist schlie\u00dflich die Symmetrieachse des Stadtteils und die Au\u00dfenbewirtung oder die Eisdiele \u201eGelatogioia\u201c zeigen, wie sich Menschen trotz gro\u00dfen Verkehrs gerne in der Eschholzstra\u00dfe aufhalten.<\/p>\n\n\n\n<p>In einer Stadt wie Freiburg, die sich ja dem Ziel verschrieben hat, den Autoverkehr zu reduzieren und den \u00f6ffentlichen Nahverkehr zu f\u00f6rdern, macht es Sinn, wenn durch ein solches Fest die Vision einer verkehrsberuhigten Eschholzstra\u00dfe Auftrieb erf\u00e4hrt. Auch wenn mir klar ist, dass dies ein langer Weg sein wird.\u201c\u00a0\u00a0\u00a0\u00a0\u00a0\u00a0\u00a0\u00a0\u00a0\u00a0\u00a0\u00a0\u00a0\u00a0\u00a0\u00a0\u00a0\u00a0\u00a0\u00a0\u00a0\u00a0\u00a0\u00a0\u00a0\u00a0\u00a0 <\/p>\n\n\n\n<p><\/p>\n\n\n\n<p class=\"has-text-align-center\"><strong><em>\u201eZeigen, was der St\u00fchlinger<\/em><\/strong> <strong><em>f\u00fcr ein tolles Viertel ist\u201c<\/em><\/strong><\/p>\n\n\n\n<p class=\"has-text-align-center\"><img loading=\"lazy\" decoding=\"async\" width=\"150\" height=\"153\" class=\"wp-image-49\" style=\"width: 150px;\" src=\"https:\/\/eschholzstrassenfest.de\/wp-content\/uploads\/2025\/01\/Bild3.png\" alt=\"\" srcset=\"https:\/\/eschholzstrassenfest.de\/wp-content\/uploads\/2025\/01\/Bild3.png 366w, https:\/\/eschholzstrassenfest.de\/wp-content\/uploads\/2025\/01\/Bild3-294x300.png 294w\" sizes=\"auto, (max-width: 150px) 100vw, 150px\" \/><br><em>Christian Fehr, Wirt des Restaurants &#8222;Das Quartier&#8220;<\/em><\/p>\n\n\n\n<p>\u201eWir als Gastronomen sind nat\u00fcrlich nicht ganz uneigenn\u00fctzig, wenn wir uns f\u00fcr ein solches Fest engagieren. Wenn wir gutes Wetter haben, werden wir sicher davon profitieren. Aber uns ist auch sehr daran gelegen, den Anwohnerinnen und Anwohner des Stadtteils einen unvergesslichen Tag zu bescheren, zu zeigen, was f\u00fcr ein tolles Viertel der St\u00fchlinger ist. Wir wollen nat\u00fcrlich auch der Stadt demonstrieren, was man erreichen kann, wenn man zusammenarbeitet. Dazu geh\u00f6rt es nat\u00fcrlich, dass wir bei der Vorbereitung alle Vereine, soziale Einrichtungen, Kirchen und Schulen mit einbeziehen. Ich freue mich schon riesig auf das Fest und werde reinhauen was das Zeug h\u00e4lt, damit es ein Erfolg wird.<\/p>\n","protected":false},"excerpt":{"rendered":"<p>Joshua Lorenz und Christian Fehr werden das Eschholzstra\u00dfenfest managen Das St\u00fchlinger MAGAZIN wird der offizielle Veranstalter des Eschholzstra\u00dfenfestes sein. Joshua Lorenz, der auch Herausgeber des St\u00fchlinger MAGAZINs ist, sowie Christian Fehr, Wirt vom Restaurant \u201eDas Quartier\u201c, werden gemeinsam die Vorbereitung und die Durchf\u00fchrung des Eschholstra\u00dfenfestes leiten. St\u00fchlinger MAGAZIN hat sie gefragt, was sie an der &#8230; <a title=\"Veranstalter\" class=\"read-more\" href=\"https:\/\/eschholzstrassenfest.de\/?page_id=33\" aria-label=\"Mehr Informationen \u00fcber Veranstalter\">Weiterlesen<\/a><\/p>\n","protected":false},"author":1,"featured_media":0,"parent":0,"menu_order":0,"comment_status":"closed","ping_status":"closed","template":"","meta":{"footnotes":""},"class_list":["post-33","page","type-page","status-publish"],"_links":{"self":[{"href":"https:\/\/eschholzstrassenfest.de\/index.php?rest_route=\/wp\/v2\/pages\/33","targetHints":{"allow":["GET"]}}],"collection":[{"href":"https:\/\/eschholzstrassenfest.de\/index.php?rest_route=\/wp\/v2\/pages"}],"about":[{"href":"https:\/\/eschholzstrassenfest.de\/index.php?rest_route=\/wp\/v2\/types\/page"}],"author":[{"embeddable":true,"href":"https:\/\/eschholzstrassenfest.de\/index.php?rest_route=\/wp\/v2\/users\/1"}],"replies":[{"embeddable":true,"href":"https:\/\/eschholzstrassenfest.de\/index.php?rest_route=%2Fwp%2Fv2%2Fcomments&post=33"}],"version-history":[{"count":4,"href":"https:\/\/eschholzstrassenfest.de\/index.php?rest_route=\/wp\/v2\/pages\/33\/revisions"}],"predecessor-version":[{"id":52,"href":"https:\/\/eschholzstrassenfest.de\/index.php?rest_route=\/wp\/v2\/pages\/33\/revisions\/52"}],"wp:attachment":[{"href":"https:\/\/eschholzstrassenfest.de\/index.php?rest_route=%2Fwp%2Fv2%2Fmedia&parent=33"}],"curies":[{"name":"wp","href":"https:\/\/api.w.org\/{rel}","templated":true}]}}